
Does 10 divide 460?
True
Does 15 divide 249?
False
Is 37 a factor of 44256?
False
Does 41 divide 94?
False
Is 279 a multiple of 24?
False
Is 5 a factor of 248?
False
Is 28 a factor of 590?
False
Is 487 a multiple of 25?
False
Is 110 a factor of 7257?
False
Does 18 divide 12582?
True
Does 59 divide 427?
False
Does 45 divide 2385?
True
Is 14 a factor of 242?
False
Does 30 divide 6210?
True
Is 34 a factor of 43554?
True
Is 12167 a multiple of 8?
False
Is 24 a factor of 7273?
False
Is 22495 a multiple of 57?
False
Does 120 divide 1384?
False
Does 92 divide 3956?
True
Is 10 a factor of 2970?
True
Does 38 divide 5548?
True
Is 7 a factor of 191?
False
Is 4912 a multiple of 8?
True
Is 2597 a multiple of 7?
True
Is 2213 a multiple of 13?
False
Is 24 a factor of 693?
False
Is 43 a factor of 17121?
False
Does 16 divide 865?
False
Is 22 a factor of 62457?
False
Does 22 divide 80506?
False
Is 598 a multiple of 46?
True
Is 59 a factor of 6364?
False
Is 819 a multiple of 9?
True
Is 7 a factor of 217?
True
Is 28574 a multiple of 26?
True
Is 674 a multiple of 48?
False
Does 8 divide 974?
False
Does 51 divide 8160?
True
Is 20 a factor of 1838?
False
Is 76 a factor of 3724?
True
Does 37 divide 1274?
False
Is 1469 a multiple of 13?
True
Is 107 a factor of 3093?
False
Does 223 divide 7359?
True
Is 40 a multiple of 26?
False
Does 18 divide 13780?
False
Is 105 a factor of 1037?
False
Is 146 a factor of 2774?
True
Is 710 a multiple of 10?
True
Is 10 a factor of 142?
False
Does 13 divide 993?
False
Does 2 divide 108?
True
Is 13439 a multiple of 151?
True
Is 6 a factor of 175?
False
Is 16272 a multiple of 24?
True
Does 85 divide 765?
True
Is 70 a factor of 10250?
False
Is 12046 a multiple of 23?
False
Is 1783 a multiple of 10?
False
Does 13 divide 35432?
False
Is 8 a factor of 32?
True
Is 90 a factor of 1406?
False
Does 10 divide 1247?
False
Is 2394 a multiple of 6?
True
Is 2299 a multiple of 12?
False
Does 37 divide 550?
False
Is 87 a factor of 27405?
True
Is 6283 a multiple of 61?
True
Does 7 divide 1426?
False
Is 25 a factor of 1136?
False
Is 94 a multiple of 22?
False
Does 87 divide 15051?
True
Does 8 divide 735?
False
Is 31 a factor of 90117?
True
Does 117 divide 2106?
True
Is 3 a factor of 270?
True
Does 3 divide 977?
False
Is 928 a multiple of 38?
False
Is 6215 a multiple of 55?
True
Is 38 a factor of 260?
False
Is 1035 a multiple of 11?
False
Is 14 a factor of 2282?
True
Is 817 a multiple of 43?
True
Does 8 divide 952?
True
Is 74 a multiple of 37?
True
Does 22 divide 2256?
False
Is 92 a factor of 6532?
True
Is 19 a factor of 1330?
True
Does 3 divide 8790?
True
Is 12 a factor of 450?
False
Does 51 divide 7446?
True
Is 6 a factor of 111?
False
Is 7 a factor of 184?
False
Does 77 divide 457?
False
Is 4011 a multiple of 21?
True
Is 29 a factor of 1189?
True
Is 10 a factor of 290?
True
Is 81 a factor of 25425?
False
Is 1217 a multiple of 13?
False
Does 10 divide 14284?
False
Is 83334 a multiple of 171?
False
Is 17544 a multiple of 102?
True
Is 22 a factor of 2342?
False
Does 27 divide 35073?
True
Does 40 divide 946?
False
Does 14 divide 4990?
False
Is 1960 a multiple of 49?
True
Is 45 a factor of 53235?
True
Is 9 a factor of 12996?
True
Is 5846 a multiple of 229?
False
Is 14420 a multiple of 7?
True
Does 79 divide 4629?
False
Does 18 divide 2080?
False
Does 16 divide 1441?
False
Is 28 a factor of 12320?
True
Is 23 a factor of 2965?
False
Does 18 divide 2473?
False
Does 30 divide 2910?
True
Does 27 divide 104563?
False
Is 4 a factor of 7488?
True
Does 92 divide 92?
True
Is 56630 a multiple of 10?
True
Is 15 a factor of 15256?
False
Is 5 a factor of 415?
True
Does 28 divide 56?
True
Is 338 a multiple of 13?
True
Does 69 divide 1656?
True
Is 8 a factor of 16?
True
Is 63489 a multiple of 11?
False
Is 26016 a multiple of 68?
False
Does 18 divide 3834?
True
Is 266 a factor of 27508?
False
Is 3476 a multiple of 2?
True
Is 4379 a multiple of 29?
True
Is 20682 a multiple of 66?
False
Is 3540 a multiple of 10?
True
Is 1014 a multiple of 13?
True
Is 216 a multiple of 12?
True
Is 15 a factor of 375?
True
Is 11068 a multiple of 5?
False
Is 208 a factor of 38480?
True
Is 881 a multiple of 18?
False
Is 9 a factor of 15572?
False
Is 32564 a multiple of 11?
False
Is 47631 a multiple of 276?
False
Does 93 divide 12183?
True
Does 24 divide 88437?
False
Does 18 divide 5928?
False
Is 18 a factor of 15258?
False
Is 24 a factor of 2087?
False
Does 58 divide 5053?
False
Is 86201 a multiple of 135?
False
Is 21 a factor of 6786?
False
Is 14 a factor of 630?
True
Is 70266 a multiple of 294?
True
Does 3 divide 3918?
True
Does 8 divide 344?
True
Does 96 divide 23613?
False
Is 73 a factor of 292?
True
Is 174 a factor of 3445?
False
Is 12090 a multiple of 15?
True
Does 11 divide 198?
True
Does 104 divide 60043?
False
Does 33 divide 1692?
False
Does 82 divide 785?
False
Does 5 divide 655?
True
Is 1984 a multiple of 89?
False
Does 6 divide 3606?
True
Is 14104 a multiple of 101?
False
Is 79 a factor of 11139?
True
Is 173 a factor of 5882?
True
Does 9 divide 1485?
True
Is 6951 a multiple of 21?
True
Does 35 divide 3011?
False
Is 1734 a multiple of 51?
True
Is 11480 a multiple of 140?
True
Is 12342 a multiple of 66?
True
Is 943 a multiple of 10?
False
Is 522 a multiple of 7?
False
Is 2042 a multiple of 28?
False
Is 16541 a multiple of 135?
False
Does 122 divide 22749?
False
Is 254 a factor of 59798?
False
Is 8569 a multiple of 7?
False
Is 2128 a multiple of 4?
True
Does 121 divide 3388?
True
Is 497 a multiple of 252?
False
Does 12 divide 156?
True
Is 33 a factor of 97472?
False
Does 8 divide 894?
False
Does 11 divide 77?
True
Is 12876 a multiple of 174?
True
Is 396 a multiple of 12?
True
Is 106 a factor of 17510?
False
Is 10703 a multiple of 77?
True
Is 10 a factor of 4360?
True
Is 16776 a multiple of 24?
True
Is 9 a factor of 5112?
True
Is 80 a multiple of 24?
False
Does 50 divide 739?
False
Is 44469 a multiple of 255?
False
Is 19313 a multiple of 12?
False
Does 28 divide 396?
False
Is 80 a multiple of 4?
True
Is 11336 a multiple of 109?
True
Is 12 a factor of 713?
False
Does 12 divide 296?
False
Is 26 a factor of 4394?
True
Does 65 divide 10864?
False
Is 53 a factor of 432?
False
Is 1241 a multiple of 111?
False
Is 26 a factor of 1118?
True
Does 86 divide 7610?
False
Is 13 a factor of 11882?
True
Does 4 divide 62?
False
Does 9 divide 87?
False
Does 31 divide 217?
True
Does 12 divide 774?
False
Is 896 a multiple of 36?
False
Is 3 a factor of 42?
True
Does 48 divide 720?
True
Does 32 divide 448?
True
Is 81 a factor of 51356?
False
Does 22 divide 5544?
True
Does 153 divide 7956?
True
Is 16 a factor of 1776?
True
Is 20902 a multiple of 77?
False
Is 1725 a multiple of 72?
False
Does 2 divide 145?
False
Is 1376 a multiple of 86?
True
Is 73 a factor of 2190?
True
Is 3313 a multiple of 65?
False
Does 32 divide 1416?
False
Is 6 a factor of 1428?
True
Is 643 a multiple of 9?
False
Is 82592 a multiple of 116?
True
Is 1819 a multiple of 15?
False
Does 46 divide 6532?
True
Does 120 divide 124920?
True
Is 5 a factor of 965?
True
Is 10 a factor of 370?
True
Is 19 a factor of 11343?
True
Is 12805 a multiple of 65?
True
Does 3 divide 611?
False
Is 121 a factor of 30976?
True
Is 16781 a multiple of 3?
False
Is 5 a factor of 21?
False
Is 16178 a multiple of 100?
False
Is 16 a factor of 2896?
True
Is 7783 a multiple of 43?
True
Is 14 a factor of 700?
True
Does 137 divide 3973?
True
Does 73 divide 9938?
False
Is 2065 a multiple of 4?
False
Is 271 a multiple of 145?
False
Is 73 a factor of 16060?
True
Does 5 divide 890?
True
Does 22 divide 1631?
False
Is 38 a factor of 3727?
False
Is 2202 a multiple of 7?
False
Does 49 divide 873?
False
Does 16 divide 549?
False
Does 51 divide 2397?
True
Is 10286 a multiple of 74?
True
Is 23 a factor of 687?
False
Is 3606 a multiple of 6?
True
Is 111 a multiple of 37?
True
Is 1196 a multiple of 23?
True
Does 25 divide 53675?
True
Does 42 divide 714?
True
Does 13 divide 17368?
True
Does 21 divide 37197?
False
Does 140 divide 7210?
False
Is 916 a multiple of 10?
False
Does 37 divide 4435?
False
Is 187 a multiple of 14?
False
Is 16 a factor of 1600?
True
Is 227 a factor of 24545?
False
Does 12 divide 8172?
True
Does 3 divide 171?
True
Does 59 divide 1526?
False
Is 522 a multiple of 29